{"id":3720,"date":"2021-04-15T13:23:17","date_gmt":"2021-04-15T13:23:17","guid":{"rendered":"http:\/\/www.rfv-huenfeld.de\/wp\/?page_id=3720"},"modified":"2021-04-15T13:26:06","modified_gmt":"2021-04-15T13:26:06","slug":"cindy","status":"publish","type":"page","link":"https:\/\/www.rfv-huenfeld.de\/wp\/?page_id=3720","title":{"rendered":"Cindy"},"content":{"rendered":"\n<div class=\"wp-block-image\"><figure class=\"aligncenter size-large\"><a href=\"https:\/\/www.rfv-huenfeld.de\/wp\/wp-content\/uploads\/2021\/04\/Cindy.jpg\"><img loading=\"lazy\" decoding=\"async\" width=\"682\" height=\"1024\" src=\"https:\/\/www.rfv-huenfeld.de\/wp\/wp-content\/uploads\/2021\/04\/Cindy-682x1024.jpg\" alt=\"\" class=\"wp-image-3721\" srcset=\"https:\/\/www.rfv-huenfeld.de\/wp\/wp-content\/uploads\/2021\/04\/Cindy-682x1024.jpg 682w, https:\/\/www.rfv-huenfeld.de\/wp\/wp-content\/uploads\/2021\/04\/Cindy-200x300.jpg 200w, https:\/\/www.rfv-huenfeld.de\/wp\/wp-content\/uploads\/2021\/04\/Cindy-768x1153.jpg 768w, https:\/\/www.rfv-huenfeld.de\/wp\/wp-content\/uploads\/2021\/04\/Cindy.jpg 833w\" sizes=\"auto, (max-width: 682px) 100vw, 682px\" \/><\/a><figcaption>Cindy<\/figcaption><\/figure><\/div>\n\n\n\n<p class=\"wp-block-paragraph\">Name: Cindy<br>Alter: unbekannt<br>Im Verein seit: sehr lange<br>Einsatzgebiet: fr\u00fcher Reitunterricht, heute gelegentlich Therapie<br><\/p>\n\n\n\n<p class=\"wp-block-paragraph\">Gr\u00f6\u00dfte Erfolge:<br>Auftritt in der Festhalle 2013, Schleifengarant beim F\u00fchrz\u00fcgel-WB mit Kost\u00fcm<\/p>\n\n\n\n<p class=\"wp-block-paragraph\">&#8222;Hallo ich bin die Cindy und von allen Schulpferden schon am l\u00e4ngsten hier. Ich stelle mich erst jetzt vor, weil ich den ganzen Jungen H\u00fcpfern den Vortritt lassen wollte. Ich bin schon so lange hier in H\u00fcnfeld, dass keiner mehr wei\u00df, wann genau ich kam. Au\u00dferdem hatte ich schon so oft Geburtstag, dass ich irgendwann vergessen habe mitzuz\u00e4hlen, ich glaube es ist irgendwas zwischen 25 &#8211; 30. Aber das Alter ist ja nur eine Zahl, ich f\u00fchle mich noch ziemlich fit und das ist viel wichtiger! Klar habe ich auch hier und da kleinere Probleme, aber hier geht&#8217;s mir richtig gut und es wird sich gut um mich gek\u00fcmmert. Ich war nat\u00fcrlich wie meine Freunde auch jahrelang ein Schulpferd und habe an Turnieren teilgenommen. Auch dem ein oder anderen Reiter mit Handicap habe ich schon ein L\u00e4cheln in&#8217;s Gesicht gezaubert.<br>Mittlerweile werde ich nur noch selten mal geritten, offiziell bin ich nun n\u00e4mlich das Maskottchen. Was das genau hei\u00dft? Keine Ahnung. Aber ich wei\u00df, dass ich deshalb f\u00fcr immer in H\u00fcnfeld bleiben darf und weil ich ja nicht mehr so viele Kinder zum Reiten zu mir kommen, habe ich ganz viel Zeit um Geschichten \u00fcber den Verein zu erz\u00e4hlen. Ich habe einer gro\u00dfen Jury zum Beispiel schonmal unser Schulpferde-Konzept erkl\u00e4rt, denn wer k\u00f6nnte das besser als ein Schulpferd selbst? Das fanden sie auch so toll, dass es daf\u00fcr den 1. Preis gab und ich mit meinem Kumpel Dusty zur Frankfurter Festhalle fahren durfte. Ja ich hab schon einiges erlebt, deshalb lasse ich es jetzt ruhiger angehen. Wenn euch das Schulpferde <\/p>\n\n\n\n<p class=\"wp-block-paragraph\">Konzept interessiert k\u00f6nnt ihr euch das auch gerne mal durchlesen: <a rel=\"noreferrer noopener\" href=\"https:\/\/www.rfv-huenfeld.de\/wp\/?page_id=759\" target=\"_blank\">https:\/\/www.rfv-huenfeld.de\/wp\/?page_id=759<\/a><br><\/p>\n\n\n\n<p class=\"wp-block-paragraph\">Bis bald, eure Cindy&#8220;<\/p>\n\n\n\n<p class=\"wp-block-paragraph\">Foto: Jana Jonas<\/p>\n","protected":false},"excerpt":{"rendered":"<p>Name: CindyAlter: unbekanntIm Verein seit: sehr langeEinsatzgebiet: fr\u00fcher Reitunterricht, heute gelegentlich Therapie Gr\u00f6\u00dfte Erfolge:Auftritt in der Festhalle 2013, Schleifengarant beim F\u00fchrz\u00fcgel-WB mit Kost\u00fcm &#8222;Hallo ich bin die Cindy und von allen Schulpferden schon am l\u00e4ngsten hier. Ich stelle mich erst jetzt vor, weil ich den ganzen Jungen H\u00fcpfern den Vortritt lassen wollte. Ich bin schon &hellip; <a href=\"https:\/\/www.rfv-huenfeld.de\/wp\/?page_id=3720\" class=\"more-link\"><span class=\"screen-reader-text\">Cindy<\/span> weiterlesen <span class=\"meta-nav\">&rarr;<\/span><\/a><\/p>\n","protected":false},"author":2,"featured_media":0,"parent":3682,"menu_order":2,"comment_status":"closed","ping_status":"closed","template":"","meta":{"_crdt_document":"","footnotes":""},"class_list":["post-3720","page","type-page","status-publish","hentry"],"_links":{"self":[{"href":"https:\/\/www.rfv-huenfeld.de\/wp\/index.php?rest_route=\/wp\/v2\/pages\/3720","targetHints":{"allow":["GET"]}}],"collection":[{"href":"https:\/\/www.rfv-huenfeld.de\/wp\/index.php?rest_route=\/wp\/v2\/pages"}],"about":[{"href":"https:\/\/www.rfv-huenfeld.de\/wp\/index.php?rest_route=\/wp\/v2\/types\/page"}],"author":[{"embeddable":true,"href":"https:\/\/www.rfv-huenfeld.de\/wp\/index.php?rest_route=\/wp\/v2\/users\/2"}],"replies":[{"embeddable":true,"href":"https:\/\/www.rfv-huenfeld.de\/wp\/index.php?rest_route=%2Fwp%2Fv2%2Fcomments&post=3720"}],"version-history":[{"count":4,"href":"https:\/\/www.rfv-huenfeld.de\/wp\/index.php?rest_route=\/wp\/v2\/pages\/3720\/revisions"}],"predecessor-version":[{"id":3725,"href":"https:\/\/www.rfv-huenfeld.de\/wp\/index.php?rest_route=\/wp\/v2\/pages\/3720\/revisions\/3725"}],"up":[{"embeddable":true,"href":"https:\/\/www.rfv-huenfeld.de\/wp\/index.php?rest_route=\/wp\/v2\/pages\/3682"}],"wp:attachment":[{"href":"https:\/\/www.rfv-huenfeld.de\/wp\/index.php?rest_route=%2Fwp%2Fv2%2Fmedia&parent=3720"}],"curies":[{"name":"wp","href":"https:\/\/api.w.org\/{rel}","templated":true}]}}

<div class="wp-block-image"><figure class="aligncenter size-large"><a href="https://www.rfv-huenfeld.de/wp/wp-content/uploads/2021/04/Cindy.jpg"><img loading="lazy" decoding="async" width="682" height="1024" src="https://www.rfv-huenfeld.de/wp/wp-content/uploads/2021/04/Cindy-682x1024.jpg" alt="" class="wp-image-3721" srcset="https://www.rfv-huenfeld.de/wp/wp-content/uploads/2021/04/Cindy-682x1024.jpg 682w, https://www.rfv-huenfeld.de/wp/wp-content/uploads/2021/04/Cindy-200x300.jpg 200w, https://www.rfv-huenfeld.de/wp/wp-content/uploads/2021/04/Cindy-768x1153.jpg 768w, https://www.rfv-huenfeld.de/wp/wp-content/uploads/2021/04/Cindy.jpg 833w" sizes="auto, (max-width: 682px) 100vw, 682px" /></a><figcaption>Cindy</figcaption></figure></div>



<p class="wp-block-paragraph">Name: Cindy<br>Alter: unbekannt<br>Im Verein seit: sehr lange<br>Einsatzgebiet: früher Reitunterricht, heute gelegentlich Therapie<br></p>



<p class="wp-block-paragraph">Größte Erfolge:<br>Auftritt in der Festhalle 2013, Schleifengarant beim Führzügel-WB mit Kostüm</p>



<p class="wp-block-paragraph">&#8222;Hallo ich bin die Cindy und von allen Schulpferden schon am längsten hier. Ich stelle mich erst jetzt vor, weil ich den ganzen Jungen Hüpfern den Vortritt lassen wollte. Ich bin schon so lange hier in Hünfeld, dass keiner mehr weiß, wann genau ich kam. Außerdem hatte ich schon so oft Geburtstag, dass ich irgendwann vergessen habe mitzuzählen, ich glaube es ist irgendwas zwischen 25 &#8211; 30. Aber das Alter ist ja nur eine Zahl, ich fühle mich noch ziemlich fit und das ist viel wichtiger! Klar habe ich auch hier und da kleinere Probleme, aber hier geht&#8217;s mir richtig gut und es wird sich gut um mich gekümmert. Ich war natürlich wie meine Freunde auch jahrelang ein Schulpferd und habe an Turnieren teilgenommen. Auch dem ein oder anderen Reiter mit Handicap habe ich schon ein Lächeln in&#8217;s Gesicht gezaubert.<br>Mittlerweile werde ich nur noch selten mal geritten, offiziell bin ich nun nämlich das Maskottchen. Was das genau heißt? Keine Ahnung. Aber ich weiß, dass ich deshalb für immer in Hünfeld bleiben darf und weil ich ja nicht mehr so viele Kinder zum Reiten zu mir kommen, habe ich ganz viel Zeit um Geschichten über den Verein zu erzählen. Ich habe einer großen Jury zum Beispiel schonmal unser Schulpferde-Konzept erklärt, denn wer könnte das besser als ein Schulpferd selbst? Das fanden sie auch so toll, dass es dafür den 1. Preis gab und ich mit meinem Kumpel Dusty zur Frankfurter Festhalle fahren durfte. Ja ich hab schon einiges erlebt, deshalb lasse ich es jetzt ruhiger angehen. Wenn euch das Schulpferde </p>



<p class="wp-block-paragraph">Konzept interessiert könnt ihr euch das auch gerne mal durchlesen: <a rel="noreferrer noopener" href="https://www.rfv-huenfeld.de/wp/?page_id=759" target="_blank">https://www.rfv-huenfeld.de/wp/?page_id=759</a><br></p>



<p class="wp-block-paragraph">Bis bald, eure Cindy&#8220;</p>



<p class="wp-block-paragraph">Foto: Jana Jonas</p>

<p>Name: CindyAlter: unbekanntIm Verein seit: sehr langeEinsatzgebiet: früher Reitunterricht, heute gelegentlich Therapie Größte Erfolge:Auftritt in der Festhalle 2013, Schleifengarant beim Führzügel-WB mit Kostüm &#8222;Hallo ich bin die Cindy und von allen Schulpferden schon am längsten hier. Ich stelle mich erst jetzt vor, weil ich den ganzen Jungen Hüpfern den Vortritt lassen wollte. Ich bin schon &hellip; <a href="https://www.rfv-huenfeld.de/wp/?page_id=3720" class="more-link"><span class="screen-reader-text">Cindy</span> weiterlesen <span class="meta-nav">&rarr;</span></a></p>
